
Calculate the highest common factor of 2678 and 78.
26
What is the highest common factor of 5080 and 120?
40
Calculate the highest common divisor of 24 and 4668.
12
What is the greatest common divisor of 80 and 170?
10
Calculate the greatest common factor of 16 and 7.
1
Calculate the greatest common divisor of 308 and 44.
44
What is the highest common factor of 44 and 88?
44
What is the greatest common divisor of 4 and 116?
4
What is the greatest common divisor of 192 and 72?
24
What is the greatest common divisor of 342 and 1596?
114
Calculate the greatest common factor of 133 and 475.
19
Calculate the highest common factor of 590 and 70.
10
Calculate the greatest common factor of 4075 and 25.
25
What is the greatest common factor of 306 and 342?
18
What is the greatest common factor of 25 and 35825?
25
Calculate the highest common divisor of 351 and 104.
13
What is the greatest common factor of 20 and 565?
5
What is the highest common divisor of 2961 and 63?
63
Calculate the highest common divisor of 4664 and 176.
88
What is the greatest common factor of 150 and 30?
30
Calculate the highest common divisor of 160 and 1880.
40
What is the greatest common factor of 156 and 273?
39
Calculate the highest common divisor of 30 and 10.
10
What is the greatest common factor of 7700 and 100?
100
What is the greatest common factor of 13928 and 8?
8
What is the greatest common divisor of 25 and 2155?
5
Calculate the greatest common factor of 221 and 136.
17
What is the greatest common divisor of 760 and 88?
8
Calculate the greatest common divisor of 2 and 362.
2
What is the highest common factor of 1204 and 504?
28
Calculate the highest common factor of 8 and 3.
1
What is the highest common divisor of 77 and 1575?
7
What is the greatest common factor of 1767 and 372?
93
What is the highest common factor of 42 and 70?
14
Calculate the greatest common factor of 10 and 8205.
5
What is the greatest common factor of 38 and 3154?
38
Calculate the greatest common factor of 2 and 1007.
1
What is the greatest common divisor of 1326 and 102?
102
What is the highest common divisor of 950 and 931?
19
What is the highest common divisor of 428 and 8?
4
Calculate the greatest common factor of 286 and 3179.
11
What is the greatest common factor of 36 and 144?
36
What is the greatest common divisor of 999 and 148?
37
Calculate the highest common factor of 14 and 160.
2
Calculate the greatest common divisor of 224 and 42.
14
What is the greatest common divisor of 341 and 62?
31
What is the highest common factor of 54 and 1074?
6
What is the greatest common divisor of 357 and 21?
21
Calculate the highest common divisor of 17640 and 18.
18
What is the greatest common divisor of 108 and 513?
27
What is the highest common factor of 7 and 45143?
7
Calculate the highest common divisor of 35 and 17150.
35
Calculate the highest common factor of 1 and 311.
1
Calculate the greatest common divisor of 133 and 21.
7
Calculate the highest common factor of 10 and 25830.
10
What is the highest common divisor of 198 and 27?
9
What is the greatest common factor of 515 and 5?
5
Calculate the highest common factor of 4155 and 75.
15
Calculate the highest common divisor of 2916 and 12.
12
What is the highest common divisor of 16 and 976?
16
What is the greatest common factor of 20 and 32090?
10
Calculate the highest common divisor of 8 and 210.
2
What is the highest common factor of 64 and 80?
16
What is the greatest common factor of 2604 and 186?
186
Calculate the highest common divisor of 8416 and 2.
2
Calculate the highest common divisor of 428 and 321.
107
Calculate the greatest common factor of 66 and 19272.
66
What is the greatest common factor of 3488 and 16?
16
Calculate the highest common factor of 459 and 255.
51
Calculate the highest common divisor of 5640 and 480.
120
Calculate the greatest common factor of 1083 and 57.
57
Calculate the highest common divisor of 1025 and 82.
41
Calculate the greatest common factor of 1925 and 77.
77
Calculate the greatest common factor of 63 and 18.
9
Calculate the greatest common divisor of 96 and 732.
12
Calculate the highest common factor of 568 and 72.
8
What is the highest common factor of 1920 and 30?
30
What is the greatest common divisor of 29 and 3857?
29
Calculate the highest common factor of 12 and 204.
12
What is the highest common factor of 3550 and 50?
50
What is the highest common factor of 17009 and 233?
233
What is the greatest common factor of 1037 and 61?
61
Calculate the greatest common factor of 25915 and 146.
73
What is the highest common divisor of 36 and 6219?
9
What is the greatest common factor of 3250 and 50?
50
Calculate the highest common divisor of 351 and 2314.
13
What is the greatest common factor of 44 and 28?
4
What is the highest common factor of 236 and 3?
1
Calculate the highest common divisor of 48 and 849.
3
What is the highest common divisor of 140 and 2420?
20
What is the greatest common factor of 196 and 1225?
49
Calculate the highest common divisor of 72 and 1899.
9
What is the highest common factor of 10 and 25?
5
What is the greatest common factor of 3725 and 50?
25
Calculate the highest common factor of 76 and 399.
19
What is the greatest common factor of 69 and 9?
3
What is the greatest common factor of 57 and 1349?
19
What is the highest common factor of 96 and 6?
6
What is the highest common divisor of 210 and 12?
6
Calculate the greatest common factor of 116 and 4.
4
What is the highest common divisor of 38 and 1159?
19
What is the highest common factor of 45 and 25?
5
What is the greatest common factor of 194 and 8?
2
Calculate the highest common divisor of 3038 and 210.
14
What is the greatest common factor of 90 and 90?
90
Calculate the greatest common factor of 112 and 4620.
28
What is the highest common divisor of 6272 and 7?
7
Calculate the highest common factor of 90 and 7005.
15
What is the greatest common divisor of 187 and 357?
17
What is the highest common divisor of 205 and 3444?
41
What is the highest common factor of 33996 and 24?
12
Calculate the greatest common factor of 24 and 3072.
24
What is the highest common factor of 136 and 170?
34
What is the highest common divisor of 1472 and 64?
64
What is the highest common divisor of 29 and 696?
29
What is the highest common divisor of 221 and 39?
13
Calculate the highest common divisor of 204 and 1356.
12
What is the greatest common divisor of 7070 and 140?
70
What is the greatest common factor of 147 and 8757?
21
What is the highest common factor of 768 and 672?
96
Calculate the highest common divisor of 279 and 124.
31
Calculate the highest common divisor of 6 and 94.
2
Calculate the greatest common factor of 65 and 351.
13
Calculate the greatest common divisor of 34 and 289.
17
Calculate the greatest common divisor of 88641 and 9.
9
What is the highest common divisor of 48 and 96?
48
Calculate the greatest common divisor of 29 and 1827.
29
What is the highest common divisor of 656 and 287?
41
Calculate the greatest common divisor of 1616 and 303.
101
Calculate the greatest common divisor of 695 and 3197.
139
What is the greatest common divisor of 2860 and 88?
44
What is the highest common divisor of 13294 and 92?
46
Calculate the highest common factor of 3 and 9201.
3
What is the greatest common divisor of 8 and 328?
8
Calculate the highest common divisor of 13 and 12363.
13
What is the greatest common divisor of 532 and 56?
28
Calculate the greatest common factor of 702 and 286.
26
What is the highest common divisor of 40 and 24?
8
Calculate the highest common divisor of 26 and 216.
2
What is the greatest common factor of 2 and 16?
2
What is the highest common factor of 1001 and 77?
77
What is the greatest common divisor of 132 and 60?
12
What is the greatest common divisor of 256 and 54?
2
Calculate the greatest common factor of 524 and 131.
131
What is the highest common divisor of 450 and 25?
25
Calculate the highest common divisor of 142 and 3408.
142
What is the greatest common factor of 13 and 689?
13
Calculate the highest common divisor of 6955 and 260.
65
Calculate the greatest common factor of 423 and 126.
9
What is the highest common divisor of 932 and 36?
4
Calculate the highest common divisor of 1215 and 435.
15
C